prime?
True
Is 24081018631 composite?
False
Is 7698350813 a composite number?
False
Is 1956895477 prime?
False
Is 10905055253 composite?
False
Is 259060873 a composite number?
True
Is 13469425727 composite?
False
Is 2582030887 prime?
False
Is 1218645521 composite?
True
Is 34809360931 a composite number?
False
Is 2164291211 a prime number?
True
Is 23862326 prime?
False
Is 2515377607 composite?
False
Is 8637387853 composite?
False
Is 68827747633 composite?
False
Is 30906139 a composite number?
True
Is 1783228969 prime?
True
Is 1093984651 composite?
False
Is 750669971 prime?
True
Is 7831195 a prime number?
False
Is 254695633 a prime number?
False
Is 103789496071 prime?
True
Is 3937928177 a prime number?
True
Is 346211429 composite?
True
Is 1857044117 a composite number?
False
Is 1240676837 prime?
False
Is 38269333 prime?
False
Is 4432079423 a composite number?
True
Is 1660310713 a composite number?
False
Is 57395040961 a prime number?
False
Is 2951971717 prime?
True
Is 15745147433 a prime number?
True
Is 520568053 composite?
True
Is 3430260619 a prime number?
True
Is 15450907919 composite?
True
Is 1809575399 a composite number?
False
Is 31201381427 prime?
True
Is 1527028603 a composite number?
False
Is 589128607 composite?
True
Is 541949333 prime?
True
Is 2186784541 a composite number?
True
Is 1406443219 composite?
True
Is 30847013327 composite?
True
Is 3493287691 prime?
True
Is 2778613193 a composite number?
False
Is 391997111 prime?
False
Is 1273908613 a prime number?
False
Is 3485393759 a composite number?
False
Is 3881883287 a composite number?
False
Is 135712153 a composite number?
False
Is 4181074879 composite?
True
Is 960215917 a prime number?
False
Is 33217519983 a composite number?
True
Is 10259632877 a prime number?
False
Is 18390086327 a composite number?
False
Is 26197530589 a composite number?
False
Is 153132121 prime?
True
Is 5440354019 composite?
False
Is 2688123511 a prime number?
True
Is 61969314091 composite?
True
Is 62617791989 prime?
True
Is 18193162021 a composite number?
False
Is 25662879371 a prime number?
True
Is 72265189987 composite?
True
Is 819492263 composite?
False
Is 2011523341 a prime number?
True
Is 42583601139 a composite number?
True
Is 409243253 composite?
True
Is 5944750481 prime?
False
Is 35122291 a prime number?
True
Is 331115695619 prime?
True
Is 7248805073 a composite number?
False
Is 12932867 composite?
False
Is 161378863 a prime number?
False
Is 338271343 composite?
True
Is 6391945927 a composite number?
True
Is 11216010343 prime?
True
Is 67708658569 composite?
False
Is 17358624509 prime?
False
Is 13691751743 a composite number?
False
Is 370156781 a composite number?
False
Is 53218584703 prime?
True
Is 531681517 a prime number?
True
Is 598762261 a prime number?
False
Is 25005295571 a prime number?
False
Is 96099947 a composite number?
False
Is 293564159 a composite number?
True
Is 63420951701 a composite number?
True
Is 1104886943 composite?
False
Is 27845770141 a composite number?
True
Is 440331799 a prime number?
True
Is 5878371431 composite?
False
Is 117835913 composite?
True
Is 18357410171 a prime number?
True
Is 3755587489 prime?
True
Is 11430790493 composite?
True
Is 120138851101 composite?
False
Is 13994392171 composite?
True
Is 8049907003 a prime number?
False
Is 134506259 a composite number?
False
Is 1766663153 prime?
True
Is 337242733 composite?
False
Is 76108693 composite?
False
Is 4574087311 a prime number?
True
Is 486052117 a composite number?
True
Is 197283503 a composite number?
False
Is 1873879001 a composite number?
True
Is 496210109 a composite number?
False
Is 2621416091 composite?
True
Is 5775243449 prime?
True
Is 56619107669 a prime number?
False
Is 348517073 composite?
False
Is 7684209835 a prime number?
False
Is 17485471807 a composite number?
True
Is 2101356739 composite?
True
Is 1238813269 composite?
False
Is 2503006841 a composite number?
True
Is 37632215 composite?
True
Is 656359309 a composite number?
True
Is 98360451067 composite?
True
Is 32854446433 a composite number?
True
Is 413613557081 prime?
True
Is 5384022269 a prime number?
True
Is 4733620769 a composite number?
False
Is 12287611873 a prime number?
True
Is 647636993 prime?
False
Is 4353470531 a prime number?
True
Is 8330089897 prime?
False
Is 1391800763 a prime number?
False
Is 5514407189 a composite number?
True
Is 238940618641 prime?
True
Is 8274366271 prime?
False
Is 18333914617 a composite number?
False
Is 153713683 a prime number?
False
Is 948515137 a composite number?
False
Is 23149624471 composite?
False
Is 59295176651 a prime number?
True
Is 6146280391 prime?
False
Is 118742575111 composite?
True
Is 135283843 prime?
False
Is 1438139635 composite?
True
Is 800380829 prime?
True
Is 643667623 a composite number?
True
Is 26316320669 a prime number?
True
Is 159568943 a prime number?
True
Is 26816750705 a composite number?
True
Is 574970239 a composite number?
False
Is 4264006253 a prime number?
False
Is 10109888137 a prime number?
True
Is 3661367 prime?
True
Is 797050433 a composite number?
False
Is 2364668269 composite?
False
Is 756233593 prime?
False
Is 10872328327 a composite number?
True
Is 1226274397 a prime number?
False
Is 1007081599 prime?
True
Is 4428037309 a prime number?
False
Is 1814389921 a composite number?
True
Is 917143379 composite?
True
Is 20505206167 a composite number?
False
Is 426096821 a prime number?
True
Is 400705115 a composite number?
True
Is 2149841197 a prime number?
False
Is 71095391 a prime number?
True
Is 11107308217 composite?
True
Is 502476553 a prime number?
True
Is 106835736349 composite?
False
Is 8661116179 a composite number?
False
Is 16367294243 a prime number?
True
Is 27099616199 a prime number?
True
Is 2194286243 prime?
True
Is 691638341 a prime number?
False
Is 4637761 a prime number?
False
Is 924874823 composite?
True
Is 827143087 prime?
True
Is 4959382949 a composite number?
True
Is 175563859 prime?
True
Is 37580743691 composite?
False
Is 14424674785 a composite number?
True
Is 66546551951 composite?
True
Is 1525155713 a prime number?
False
Is 1300979849 composite?
True
Is 46822189213 composite?
False
Is 405863131 prime?
True
Is 3366662209 prime?
True
Is 1456860149 prime?
False
Is 2531573431 a composite number?
True
Is 268957226 a prime number?
False
Is 250102078 prime?
False
Is 201879806497 a prime number?
True
Is 40694441 a composite number?
False
Is 250882837 prime?
False
Is 7399441531 a composite number?
False
Is 1671732541 a prime number?
True
Is 68699606407 composite?
True
Is 26605452437 composite?
False
Is 15611560223 a composite number?
True
Is 6087942745 prime?
False
Is 356165839163 a prime number?
True
Is 18014829719 a composite number?
True
Is 7116765911 a composite number?
False
Is 183791977 a prime number?
True
Is 17141277943 prime?
False
Is 8510726039 prime?
False
Is 23451175721 a composite number?
False
Is 11299796621 prime?
True
Is 77309004391 a prime number?
False
Is 747234809 a composite number?
False
Is 1299008365 a composite number?
True
Is 473451799 a composite number?
False
Is 3959568139 prime?
True
Is 47106777551 a composite number?
False
Is 16115698127 a composite number?
True
Is 554096779 a prime number?
True
Is 52107782041 prime?
False
Is 136533767 a composite number?
False
Is 1291446991 prime?
True
Is 93309828659 prime?
True
Is 133350882227 a prime number?
False
Is 2653643671 a prime number?
False
Is 26310570577 prime?
False
Is 118240931 a prime number?
True
Is 33854809 composite?
False
Is 73392743 a composite number?
True
Is 275571407 a composite number?
False
Is 9813598801 a composite number?
False
Is 251266181 composite?
True
Is 629460269 composite?
True
Is 7810174037 prime?
True
Is 105953813193 prime?
False
Is 9314516273 prime?
True
Is 34681110029 a composite number?
False
Is 28885850779 a composite number?
False
Is 623028143 prime?
False
Is 622898837 prime?
False
Is 2173015337 a composite number?
False
Is 1166990593 a composite number?
False
Is 2174340739 prime?
True
Is 2064827827 a prime number?
False
Is 305850763 composite?
False
Is 17867596317 a composite number?
True
Is 30946687319 prime?
False
Is 1507698503 prime?
True
Is 9088134659 a composite number?
False
Is 555819371 composite?
False
Is 6237699661 prime?
True
Is 19741627693 compo